posite?
True
Let n = -38 - -43. Suppose o = t - n - 3, 3*t - o = 34. Suppose 0 = -15*k + t*k + 1978. Is k prime?
False
Let m = 537 + -359. Suppose 0 = -180*n + m*n + 1334. Is n a prime number?
False
Suppose 5*y = 5*t - 3*t + 218394, 87358 = 2*y - t. Suppose -4*n - 4*w - 17330 = -y, 4*n = 2*w + 26360. Is n a composite number?
True
Let d = 5059 - -1218. Let f = -2628 + d. Is f a composite number?
True
Let x be (10 + (11 - 16))*272. Let k = -1269 + 2186. Let m = x - k. Is m prime?
True
Let y(z) be the second derivative of z**5/10 + 5*z**4/12 + 3*z**3 + 8*z**2 + 9*z - 38. Suppose -2*d + 11 = -3. Is y(d) prime?
False
Suppose -108*z = -52*z - 224. Let o be (-1 - -1) + (1 - 1). Suppose -4*p - z*q + 1684 = o, 5*q - q + 1249 = 3*p. Is p a prime number?
True
Is ((-404867)/(-5))/((-8)/(-40)) a prime number?
False
Suppose -551959 = -f + 4*k, 338882 = f + 4*k - 213037. Is f a prime number?
False
Let h(z) = z**3 - 9*z - 9. Suppose -3*s = -v + 10, 0*s - 26 = -4*v + 5*s. Suppose -v*k = -16 - 16. Is h(k) composite?
False
Let v(d) = 11*d**2 - 6*d + 5. Let s be v(1). Suppose -50*m - s = -52*m. Let n(z) = 23*z**3 + 5*z**2 + z + 14. Is n(m) prime?
True
Let h(j) be the second derivative of 7/2*j**2 - 17/2*j**3 + 14*j + 0. Is h(-8) a composite number?
True
Suppose 347240 = 4*r + 3*u, 0 = 2*r + 3*u - 118643 - 54971. Is r prime?
True
Let x(s) = -s + 1. Let q(c) = -176*c + 11. Let g(m) = q(m) + 5*x(m). Is g(-13) a composite number?
True
Let r be 128622 + -17 - (-6)/1. Suppose 12*s = -7*s + r. Is s a prime number?
False
Let q = -59547 - -200516. Is q a composite number?
True
Let l = -39 + 42. Suppose 0 = 2*b - 4*n - 4778, 2*b - l*b + 2384 = -3*n. Is b prime?
True
Suppose 0 = -4*v - 5*d - 7, 0*v = -4*v + 5*d - 57. Is ((-2138)/(-3))/(v/(-12)*1) a prime number?
True
Let t(a) = -10158*a - 595. Is t(-11) a composite number?
False
Suppose -125*u - 597104 = -141*u. Is u prime?
False
Let z(i) = 185*i + 54. Suppose 89 = 4*n - 3*t, 7*n - 90 = 3*n + 2*t. Is z(n) a prime number?
False
Let h(v) = -v**2 + 218. Let r be h(0). Suppose -x = x - r. Let c = x - 50. Is c prime?
True
Let g(y) = -963*y**3 - 14*y**2 - 28*y + 16. Is g(-5) a composite number?
False
Suppose -k = d + 3*d - 9, 0 = -4*d + 4*k + 24. Suppose 0*p - 9652 = -5*p + d*f, 5 = 5*f. Is p a prime number?
True
Suppose 5 + 5 = 5*u, -u = 4*p - 14. Suppose -4*o = -5*t - 41, 4*t = p*o - 24 - 8. Is 0 + (6 + t)/((-2)/(-166)) prime?
True
Let n be (-6)/10 - (1 + 116688/(-30)). Suppose 9*y = f + 4*y - n, -4*y = -16. Suppose 10*r - f = 6*r. Is r a composite number?
False
Let g be 9/12 - (-890)/8. Suppose -12*j + 8*j + 2 = -2*p, 4*j + p + 1 = 0. Suppose j = -4*l - 8, -3*a + 102 = 4*l - g. Is a a prime number?
False
Suppose -6*r = r - 48922 - 241809. Is r composite?
True
Let l be (3/(-12) - 7/(-12))*6. Suppose 0 = -u - 3*z + 7376, 7683 = l*u + 2*z - 7077. Is u composite?
True
Suppose i = -2*z + 10, 2*z = 2*i - i + 6. Let m be 204106/42 - i/(-6). Suppose 5*k - 3230 = m. Is k prime?
False
Let x be 3/(((-18)/24)/(-1)). Suppose -z + 3*v = 5*v - 473, x*z + 2*v - 1916 = 0. Is z prime?
False
Is 279291441/(-715)*5/(-3) prime?
True
Let u be (-14)/42 - (-40)/3. Suppose -9*q = -u*q + 8. Suppose -5*r + 676 = 3*o - 367, -5*r = q*o - 1047. Is r composite?
False
Is 1694967/(-2)*(-926)/1389 prime?
True
Is ((-52)/12)/(-13) - (-266824)/6 composite?
True
Let t(o) = o**3 - 7*o**2 - 4*o + 6. Let f be t(-5). Let i(r) = r + 423. Let u be i(0). Let d = u + f. Is d a prime number?
True
Let l = 397 - 397. Let j be -1 + 1 - -1 - -2. Suppose m - n - 56 = -l*n, 3 = -j*n. Is m a composite number?
True
Suppose 4*t = 3474201 + 1530707. Is t a composite number?
False
Suppose 835*o = 840*o - 171055. Is o prime?
True
Let f(b) = -3042*b**3 + 4*b**2 + 4*b - 1. Let w(g) = -15209*g**3 + 20*g**2 + 23*g - 6. Let s(n) = -11*f(n) + 2*w(n). Is s(1) a composite number?
False
Suppose 3*t - 44 = -50. Let z be ((1/2)/(1/(-70)))/(-1). Let c = z - t. Is c a composite number?
False
Let j(n) = 180*n**2 + 2739*n + 43. Is j(20) prime?
True
Let n be 5 + -4 + 7 + -10. Is 2*n*57883/(-28) composite?
False
Suppose -4*j + 2*b = 10, b - 3 = -j - 4*b. Is 25/50 + (-5161)/j prime?
False
Let a(l) = -l**3 + 12*l**2 + 12*l + 4. Let z be a(13). Let q(f) = 24*f - 29. Let g(b) = -23*b + 30. Let s(d) = -6*g(d) - 7*q(d). Is s(z) a composite number?
False
Let v be 4/8 - 398/(-4). Suppose -5*a + v = -0*a. Is (-1253)/(-5) + a/50 prime?
True
Let t = 15380 - 9802. Is t prime?
False
Suppose -w = -2*w + g + 5, 0 = -w - 4*g. Suppose -p = -4*o + w*p + 43, 5 = -o - 4*p. Suppose 0 = o*s - 768 - 331. Is s composite?
False
Suppose -32*w + 25*w + 35 = 0. Suppose 29 = w*g - 4*v + 2, 3*v = 4*g - 21. Let l(u) = 141*u**2 - u - 7. Is l(g) a composite number?
False
Let o be 6/(-39) + (-36)/(-234). Suppose o = -15*g - 25051 + 81466. Is g a composite number?
False
Suppose -18*d + 1262213 = 49*d. Is d prime?
True
Let h(m) = -250*m - 22. Let j be h(6). Let a = -746 - j. Let i = 1409 - a. Is i composite?
True
Let s = -102 - -100. Let a be (s - 45/(-10))*2. Suppose a*r - 2*q = 2105, -424 = -0*r - r + q. Is r prime?
True
Suppose 35*a + 84*a - 3261008 = 5752409. Is a composite?
False
Let q(m) = 693*m**2 - 24*m - 156. Is q(-9) a composite number?
True
Let d(o) = -2*o - 19. Let g(z) = -12*z**3 + z. Let r be g(1). Let k be d(r). Suppose 2*b - 138 = 2*a, 0*a + 195 = 3*b + k*a. Is b prime?
True
Let x(s) = 870*s - 27. Let j(r) = -r**2 + 3*r + 2. Let g be j(3). Is x(g) prime?
False
Let w(m) = -m**2 + m + 1. Let p(z) = -249*z**2 + 7*z - 16. Let d(a) = -p(a) - 2*w(a). Let l be d(4). Suppose -4*q + l = -1114. Is q a composite number?
False
Let q = 30 - 38. Let x be (q/(-10))/(1*(-4)/10). Is 93033/63 + 3*x/(-21) a prime number?
False
Let i be (-3)/(-4) + 4 + (-82)/(-8). Suppose -i*n - 18770 = -114365. Is n a composite number?
False
Suppose 10 = 97*h - 95*h, 0 = -5*b + 5*h + 710710. Is b a composite number?
True
Suppose -11*q + 34*q - 515416 = 760831. Is q prime?
False
Suppose 184*f - 30*f - 3451334 = 3760640. Is f composite?
False
Suppose -14494 - 9356 = -10*x. Let k = x - -106. Is k a composite number?
True
Suppose -28845 - 50030 = -3*s + 2*i, 0 = 2*s + i - 52588. Is s a prime number?
True
Let v = 45253 + 21780. Is v a prime number?
True
Let i(t) = 25*t**3 + 4*t**2 + 7*t + 53. Let j(u) = u**3 + u**2. Let b(q) = i(q) - 6*j(q). Is b(7) composite?
False
Suppose 18025 = 10*v - 9*v + 4*r, -2*v + 36044 = 2*r. Is v a prime number?
False
Let g = -1879 + 31678. Let r = g - 11164. Is r composite?
True
Let v be ((-4)/(-10))/(-6*2/(-1440)). Let f = 40 - v. Let p(i) = -157*i + 6. Is p(f) a composite number?
True
Is (84996 - 8)/(-4 - 2)*(-3)/2 a composite number?
False
Let u(k) be the third derivative of 8*k**5/15 - 3*k**4/8 + 28*k**3/3 - 2*k**2 - 3*k - 297. Let v = 15 - 8. Is u(v) prime?
False
Let q = 98 - -40. Let d = q + -7. Let v = 440 - d. Is v composite?
True
Let t(j) be the second derivative of 65*j**4/6 - j**3/3 + 2*j**2 + 3*j. Let l be t(-3). Suppose 2*n + 2*n - l = 0. Is n a prime number?
False
Let x(a) = 80*a + 83. Let k(b) = 160*b + 168. Let n(p) = 6*k(p) - 13*x(p). Is n(-14) a prime number?
True
Let l = 194 + -191. Suppose 40184 = l*p + 13019. Is p composite?
True
Let k(d) = 85*d - 6. Let h = -170 + 121. Let i = h - -54. Is k(i) a composite number?
False
Suppose -4*v = -9*r - 2401836, 5*v + 2*r = 1564228 + 1438067. Is v a prime number?
False
Suppose 4*r - 2221660 = 2*s, -474*r - 2*s + 2777057 = -469*r. Is r a composite number?
True
Suppose 0 = -q - j - 9 - 0, 0 = 5*q + 2*j + 36. Let s(y) = -73*y**3 - 83*y**2 + 3. Is s(q) composite?
True
Suppose 2293*u + 5203074 = 2331*u. Is u a prime number?
False
Suppose 938723 = 4*r - 3*q, -4*r - 25*q = -32*q - 938711. Is r a composite number?
False
Suppose 41*x - 1806200 = 3*x + 2843518. Is x a composite number?
True
Let t(s) = 1998*s**2 + 15*s - 71. Is t(4) prime?
True
Let p(f) = -75*f + 2. Suppose 0 = -6*h + 8*h. Suppose h = x - 3 + 4. Is p(x) composite?
True
Suppose -29*w - 399 = -48*w. Is 6911 + 5/(35/w) prime?
False
Suppose 0 = 3*h + 5*q - 630386, 3*h = 15*q - 12*q + 630378. Is h prime?
True
Suppose 4*q - 10561 = j, -3*j = -5*q + 10790 + 2406. Suppose -h + q = -4*a, -2*h - 5*a + 824 = -4432. Is h prime?
True
Is 22/(-11)*((-25562)/4)/1 composite?
False
Let r be (13/(-4))/(3128/448 + -7). Let d = r - -1